{"id":104,"date":"2023-01-19T00:50:55","date_gmt":"2023-01-19T00:50:55","guid":{"rendered":"https:\/\/surconsult.com.py\/sanignacioguazu\/?page_id=104"},"modified":"2024-01-08T19:28:22","modified_gmt":"2024-01-08T19:28:22","slug":"visual-composer-104","status":"publish","type":"page","link":"https:\/\/sanignacioguazu.gov.py\/index.php\/visual-composer-104\/","title":{"rendered":"Transparencia \u2013 Ley N\u00b0 4758 \u00abFONACIDE\u00bb"},"content":{"rendered":"<p><!--vcv no format--><!-- vcwb\/dynamicElementComment:59295d7d --><\/p>\n<div class=\"vce-row-container\" data-vce-boxed-width=\"true\">\n<div id=\"el-59295d7d\" class=\"vce-row vce-row--col-gap-30 vce-row-equal-height vce-row-content--top\" data-vce-do-apply=\"all el-59295d7d\">\n<div class=\"vce-row-content\" data-vce-element-content=\"true\">\n<p><!-- vcwb\/dynamicElementComment:a4aac465 --><\/p>\n<div id=\"el-a4aac465\" class=\"vce-col vce-col--md-auto vce-col--xs-1 vce-col--xs-last vce-col--xs-first vce-col--sm-last vce-col--sm-first vce-col--md-last vce-col--lg-last vce-col--xl-last vce-col--md-first vce-col--lg-first vce-col--xl-first\">\n<div class=\"vce-col-inner\" data-vce-do-apply=\"border margin background el-a4aac465\">\n<div class=\"vce-col-content\" data-vce-element-content=\"true\" data-vce-do-apply=\"padding el-a4aac465\">\n<p><!-- vcwb\/dynamicElementComment:20e41380 --><\/p>\n<div class=\"vce-text-block\">\n<div id=\"el-20e41380\" class=\"vce-text-block-wrapper vce\" data-vce-do-apply=\"all el-20e41380\">\n<p><span style=\"color: #777777; font-family: serif; font-size: 17px; font-style: italic;\" data-darkreader-inline-color=\"\">CR\u00c9ASE EL FONDO NACIONAL DE INVERSI\u00d3N P\u00daBLICA Y DESARROLLO, EN ADELANTE FONACIDE, EL CUAL ESTAR\u00c1 DESTINADO EXCLUSIVAMENTE AL FINANCIAMIENTO DE PROYECTOS DE INVERSI\u00d3N P\u00daBLICA Y DE DESARROLLO<\/span><\/p>\n<\/div>\n<\/div>\n<p><!-- \/vcwb\/dynamicElementComment:20e41380 --><\/p>\n<\/div>\n<\/div>\n<\/div>\n<p><!-- \/vcwb\/dynamicElementComment:a4aac465 --><\/p>\n<\/div>\n<\/div>\n<\/div>\n<p><!-- \/vcwb\/dynamicElementComment:59295d7d --><!-- vcwb\/dynamicElementComment:803427a7 --><\/p>\n<div class=\"vce-row-container\" data-vce-boxed-width=\"true\">\n<div id=\"el-803427a7\" class=\"vce-row vce-row--col-gap-30 vce-row-equal-height vce-row-content--top\" data-vce-do-apply=\"all el-803427a7\">\n<div class=\"vce-row-content\" data-vce-element-content=\"true\">\n<p><!-- vcwb\/dynamicElementComment:bd39a879 --><\/p>\n<div id=\"el-bd39a879\" class=\"vce-col vce-col--md-auto vce-col--xs-1 vce-col--xs-last vce-col--xs-first vce-col--sm-last vce-col--sm-first vce-col--md-last vce-col--lg-last vce-col--xl-last vce-col--md-first vce-col--lg-first vce-col--xl-first\">\n<div class=\"vce-col-inner\" data-vce-do-apply=\"border margin background el-bd39a879\">\n<div class=\"vce-col-content\" data-vce-element-content=\"true\" data-vce-do-apply=\"padding el-bd39a879\">\n<p><!-- vcwb\/dynamicElementComment:e6b2cb05 --><\/p>\n<div id=\"el-e6b2cb05\" class=\"vce vce-separator-container vce-separator--align-center vce-separator--style-solid\" data-vce-do-apply=\"margin el-e6b2cb05\">\n<div class=\"vce-separator vce-separator--color-bfc0c1 vce-separator--width-60 vce-separator--thickness-1\" data-vce-do-apply=\"border padding background el-e6b2cb05\">\n<div>\n<h3 style=\"margin: 10px 0px 15px; padding: 0px; border: 0px; font-variant-numeric: inherit; font-variant-east-asian: inherit; font-weight: normal; font-stretch: inherit; line-height: 1.2; font-family: Arimo, Helvetica, Arial, sans-serif; vertical-align: baseline; color: #111111; text-align: center; --darkreader-inline-border-top: currentcolor; --darkreader-inline-border-right: currentcolor; --darkreader-inline-border-bottom: currentcolor; --darkreader-inline-border-left: currentcolor; --darkreader-inline-color: #dddad6;\" data-darkreader-inline-border-top=\"\" data-darkreader-inline-border-right=\"\" data-darkreader-inline-border-bottom=\"\" data-darkreader-inline-border-left=\"\" data-darkreader-inline-color=\"\"><span style=\"margin: 0px; padding: 0px; border: 0px; font: inherit; vertical-align: baseline; color: #800000; --darkreader-inline-border-top: currentcolor; --darkreader-inline-border-right: currentcolor; --darkreader-inline-border-bottom: currentcolor; --darkreader-inline-border-left: currentcolor; --darkreader-inline-color: #ff7272;\" data-darkreader-inline-border-top=\"\" data-darkreader-inline-border-right=\"\" data-darkreader-inline-border-bottom=\"\" data-darkreader-inline-border-left=\"\" data-darkreader-inline-color=\"\"><strong style=\"margin: 0px; padding: 0px; border: 0px; font-style: inherit; font-variant: inherit; font-stretch: inherit; font-size: inherit; line-height: inherit; font-family: inherit; vertical-align: baseline; --darkreader-inline-border-top: currentcolor; --darkreader-inline-border-right: currentcolor; --darkreader-inline-border-bottom: currentcolor; --darkreader-inline-border-left: currentcolor;\" data-darkreader-inline-border-top=\"\" data-darkreader-inline-border-right=\"\" data-darkreader-inline-border-bottom=\"\" data-darkreader-inline-border-left=\"\">A\u00d1O 2017<\/strong><\/span><\/h3>\n<h3 style=\"margin: 10px 0px 15px; padding: 0px; border: 0px; font-variant-numeric: inherit; font-variant-east-asian: inherit; font-weight: normal; font-stretch: inherit; line-height: 1.2; font-family: Arimo, Helvetica, Arial, sans-serif; vertical-align: baseline; color: #111111; text-align: center; --darkreader-inline-border-top: currentcolor; --darkreader-inline-border-right: currentcolor; --darkreader-inline-border-bottom: currentcolor; --darkreader-inline-border-left: currentcolor; --darkreader-inline-color: #dddad6;\" data-darkreader-inline-border-top=\"\" data-darkreader-inline-border-right=\"\" data-darkreader-inline-border-bottom=\"\" data-darkreader-inline-border-left=\"\" data-darkreader-inline-color=\"\"><span style=\"margin: 0px; padding: 0px; border: 0px; font: inherit; vertical-align: baseline; color: #800000; --darkreader-inline-border-top: currentcolor; --darkreader-inline-border-right: currentcolor; --darkreader-inline-border-bottom: currentcolor; --darkreader-inline-border-left: currentcolor; --darkreader-inline-color: #ff7272;\" data-darkreader-inline-border-top=\"\" data-darkreader-inline-border-right=\"\" data-darkreader-inline-border-bottom=\"\" data-darkreader-inline-border-left=\"\" data-darkreader-inline-color=\"\"><strong style=\"margin: 0px; padding: 0px; border: 0px; font-style: inherit; font-variant: inherit; font-stretch: inherit; font-size: inherit; line-height: inherit; font-family: inherit; vertical-align: baseline; --darkreader-inline-border-top: currentcolor; --darkreader-inline-border-right: currentcolor; --darkreader-inline-border-bottom: currentcolor; --darkreader-inline-border-left: currentcolor;\" data-darkreader-inline-border-top=\"\" data-darkreader-inline-border-right=\"\" data-darkreader-inline-border-bottom=\"\" data-darkreader-inline-border-left=\"\">A\u00d1O 2018<\/strong><\/span><\/h3>\n<h3 style=\"margin: 10px 0px 15px; padding: 0px; border: 0px; font-variant-numeric: inherit; font-variant-east-asian: inherit; font-weight: normal; font-stretch: inherit; line-height: 1.2; font-family: Arimo, Helvetica, Arial, sans-serif; vertical-align: baseline; color: #111111; text-align: center; --darkreader-inline-border-top: currentcolor; --darkreader-inline-border-right: currentcolor; --darkreader-inline-border-bottom: currentcolor; --darkreader-inline-border-left: currentcolor; --darkreader-inline-color: #dddad6;\" data-darkreader-inline-border-top=\"\" data-darkreader-inline-border-right=\"\" data-darkreader-inline-border-bottom=\"\" data-darkreader-inline-border-left=\"\" data-darkreader-inline-color=\"\"><span style=\"margin: 0px; padding: 0px; border: 0px; font: inherit; vertical-align: baseline; color: #800000; --darkreader-inline-border-top: currentcolor; --darkreader-inline-border-right: currentcolor; --darkreader-inline-border-bottom: currentcolor; --darkreader-inline-border-left: currentcolor; --darkreader-inline-color: #ff7272;\" data-darkreader-inline-border-top=\"\" data-darkreader-inline-border-right=\"\" data-darkreader-inline-border-bottom=\"\" data-darkreader-inline-border-left=\"\" data-darkreader-inline-color=\"\"><strong style=\"margin: 0px; padding: 0px; border: 0px; font-style: inherit; font-variant: inherit; font-stretch: inherit; font-size: inherit; line-height: inherit; font-family: inherit; vertical-align: baseline; --darkreader-inline-border-top: currentcolor; --darkreader-inline-border-right: currentcolor; --darkreader-inline-border-bottom: currentcolor; --darkreader-inline-border-left: currentcolor;\" data-darkreader-inline-border-top=\"\" data-darkreader-inline-border-right=\"\" data-darkreader-inline-border-bottom=\"\" data-darkreader-inline-border-left=\"\">A\u00d1O 2019<\/strong><\/span><\/h3>\n<h3 style=\"margin: 10px 0px 15px; padding: 0px; border: 0px; font-variant-numeric: inherit; font-variant-east-asian: inherit; font-weight: normal; font-stretch: inherit; line-height: 1.2; font-family: Arimo, Helvetica, Arial, sans-serif; vertical-align: baseline; color: #111111; text-align: center; --darkreader-inline-border-top: currentcolor; --darkreader-inline-border-right: currentcolor; --darkreader-inline-border-bottom: currentcolor; --darkreader-inline-border-left: currentcolor; --darkreader-inline-color: #dddad6;\" data-darkreader-inline-border-top=\"\" data-darkreader-inline-border-right=\"\" data-darkreader-inline-border-bottom=\"\" data-darkreader-inline-border-left=\"\" data-darkreader-inline-color=\"\"><span style=\"margin: 0px; padding: 0px; border: 0px; font: inherit; vertical-align: baseline; color: #800000; --darkreader-inline-border-top: currentcolor; --darkreader-inline-border-right: currentcolor; --darkreader-inline-border-bottom: currentcolor; --darkreader-inline-border-left: currentcolor; --darkreader-inline-color: #ff7272;\" data-darkreader-inline-border-top=\"\" data-darkreader-inline-border-right=\"\" data-darkreader-inline-border-bottom=\"\" data-darkreader-inline-border-left=\"\" data-darkreader-inline-color=\"\"><strong style=\"margin: 0px; padding: 0px; border: 0px; font-style: inherit; font-variant: inherit; font-stretch: inherit; font-size: inherit; line-height: inherit; font-family: inherit; vertical-align: baseline; --darkreader-inline-border-top: currentcolor; --darkreader-inline-border-right: currentcolor; --darkreader-inline-border-bottom: currentcolor; --darkreader-inline-border-left: currentcolor;\" data-darkreader-inline-border-top=\"\" data-darkreader-inline-border-right=\"\" data-darkreader-inline-border-bottom=\"\" data-darkreader-inline-border-left=\"\">A\u00d1O 2020<\/strong><\/span><\/h3>\n<h3 style=\"margin: 10px 0px 15px; padding: 0px; border: 0px; font-variant-numeric: inherit; font-variant-east-asian: inherit; font-weight: normal; font-stretch: inherit; line-height: 1.2; font-family: Arimo, Helvetica, Arial, sans-serif; vertical-align: baseline; color: #111111; text-align: center; --darkreader-inline-border-top: currentcolor; --darkreader-inline-border-right: currentcolor; --darkreader-inline-border-bottom: currentcolor; --darkreader-inline-border-left: currentcolor; --darkreader-inline-color: #dddad6;\" data-darkreader-inline-border-top=\"\" data-darkreader-inline-border-right=\"\" data-darkreader-inline-border-bottom=\"\" data-darkreader-inline-border-left=\"\" data-darkreader-inline-color=\"\"><span style=\"margin: 0px; padding: 0px; border: 0px; font: inherit; vertical-align: baseline; color: #800000; --darkreader-inline-border-top: currentcolor; --darkreader-inline-border-right: currentcolor; --darkreader-inline-border-bottom: currentcolor; --darkreader-inline-border-left: currentcolor; --darkreader-inline-color: #ff7272;\" data-darkreader-inline-border-top=\"\" data-darkreader-inline-border-right=\"\" data-darkreader-inline-border-bottom=\"\" data-darkreader-inline-border-left=\"\" data-darkreader-inline-color=\"\"><strong style=\"margin: 0px; padding: 0px; border: 0px; font-style: inherit; font-variant: inherit; font-stretch: inherit; font-size: inherit; line-height: inherit; font-family: inherit; vertical-align: baseline; --darkreader-inline-border-top: currentcolor; --darkreader-inline-border-right: currentcolor; --darkreader-inline-border-bottom: currentcolor; --darkreader-inline-border-left: currentcolor;\" data-darkreader-inline-border-top=\"\" data-darkreader-inline-border-right=\"\" data-darkreader-inline-border-bottom=\"\" data-darkreader-inline-border-left=\"\">A\u00d1O 2021<\/strong><\/span><\/h3>\n<h3 style=\"margin: 10px 0px 15px; padding: 0px; border: 0px; font-variant-numeric: inherit; font-variant-east-asian: inherit; font-weight: normal; font-stretch: inherit; line-height: 1.2; font-family: Arimo, Helvetica, Arial, sans-serif; vertical-align: baseline; color: #111111; text-align: center; --darkreader-inline-border-top: currentcolor; --darkreader-inline-border-right: currentcolor; --darkreader-inline-border-bottom: currentcolor; --darkreader-inline-border-left: currentcolor; --darkreader-inline-color: #dddad6;\" data-darkreader-inline-border-top=\"\" data-darkreader-inline-border-right=\"\" data-darkreader-inline-border-bottom=\"\" data-darkreader-inline-border-left=\"\" data-darkreader-inline-color=\"\"><span style=\"color: #00ff00; --darkreader-inline-color: #1aff1a;\" data-darkreader-inline-color=\"\"><a style=\"color: #00ff00; --darkreader-inline-color: #1aff1a;\" href=\"https:\/\/sanignacioguazu.gov.py\/index.php\/visual-composer-104\/fonacide-2022\/\" data-darkreader-inline-color=\"\"><span style=\"margin: 0px; padding: 0px; border: 0px; font: inherit; vertical-align: baseline; --darkreader-inline-border-top: currentcolor; --darkreader-inline-border-right: currentcolor; --darkreader-inline-border-bottom: currentcolor; --darkreader-inline-border-left: currentcolor;\" data-darkreader-inline-border-top=\"\" data-darkreader-inline-border-right=\"\" data-darkreader-inline-border-bottom=\"\" data-darkreader-inline-border-left=\"\"><strong style=\"margin: 0px; padding: 0px; border: 0px; font-style: inherit; font-variant: inherit; font-stretch: inherit; font-size: inherit; line-height: inherit; font-family: inherit; vertical-align: baseline; --darkreader-inline-border-top: currentcolor; --darkreader-inline-border-right: currentcolor; --darkreader-inline-border-bottom: currentcolor; --darkreader-inline-border-left: currentcolor;\" data-darkreader-inline-border-top=\"\" data-darkreader-inline-border-right=\"\" data-darkreader-inline-border-bottom=\"\" data-darkreader-inline-border-left=\"\">A\u00d1O 2022<\/strong><\/span><\/a><\/span><\/h3>\n<\/div>\n<h3 style=\"text-align: center;\"><a href=\"https:\/\/sanignacioguazu.gov.py\/index.php\/fonacide-2023\/\"><span style=\"color: #00ff00;\" data-darkreader-inline-color=\"\">A\u00d1O 2023<\/span><\/a><\/h3>\n<p>&nbsp;<\/p>\n<\/div>\n<\/div>\n<p><!-- \/vcwb\/dynamicElementComment:e6b2cb05 --><\/p>\n<\/div>\n<\/div>\n<\/div>\n<p><!-- \/vcwb\/dynamicElementComment:bd39a879 --><\/p>\n<\/div>\n<\/div>\n<\/div>\n<p><!-- \/vcwb\/dynamicElementComment:803427a7 --><!-- vcwb\/dynamicElementComment:04daaa90 --><\/p>\n<div class=\"vce-row-container\" data-vce-boxed-width=\"true\">\n<div id=\"el-04daaa90\" class=\"vce-row vce-row--col-gap-30 vce-row-equal-height vce-row-content--top\" data-vce-do-apply=\"all el-04daaa90\">\n<div class=\"vce-row-content\" data-vce-element-content=\"true\">\n<p><!-- vcwb\/dynamicElementComment:702ed410 --><\/p>\n<div id=\"el-702ed410\" class=\"vce-col vce-col--md-auto vce-col--xs-1 vce-col--xs-last vce-col--xs-first vce-col--sm-last vce-col--sm-first vce-col--md-last vce-col--lg-last vce-col--xl-last vce-col--md-first vce-col--lg-first vce-col--xl-first\">\n<div class=\"vce-col-inner\" data-vce-do-apply=\"border margin background el-702ed410\">\n<div class=\"vce-col-content\" data-vce-element-content=\"true\" data-vce-do-apply=\"padding el-702ed410\">\n<p><!-- vcwb\/dynamicElementComment:2da6cfdb --><\/p>\n<p><!-- \/vcwb\/dynamicElementComment:2da6cfdb --><\/p>\n<\/div>\n<\/div>\n<\/div>\n<p><!-- \/vcwb\/dynamicElementComment:702ed410 --><\/p>\n<\/div>\n<\/div>\n<\/div>\n<p><!-- \/vcwb\/dynamicElementComment:04daaa90 --><!--vcv no format--><\/p>\n","protected":false},"excerpt":{"rendered":"<p>CR\u00c9ASE EL FONDO NACIONAL DE INVERSI\u00d3N P\u00daBLICA Y DESARROLLO, EN ADELANTE FONACIDE, EL CUAL ESTAR\u00c1&#8230;<\/p>\n","protected":false},"author":1,"featured_media":0,"parent":0,"menu_order":0,"comment_status":"closed","ping_status":"closed","template":"","meta":{"footnotes":""},"class_list":["post-104","page","type-page","status-publish","hentry"],"_links":{"self":[{"href":"https:\/\/sanignacioguazu.gov.py\/index.php\/wp-json\/wp\/v2\/pages\/104","targetHints":{"allow":["GET"]}}],"collection":[{"href":"https:\/\/sanignacioguazu.gov.py\/index.php\/wp-json\/wp\/v2\/pages"}],"about":[{"href":"https:\/\/sanignacioguazu.gov.py\/index.php\/wp-json\/wp\/v2\/types\/page"}],"author":[{"embeddable":true,"href":"https:\/\/sanignacioguazu.gov.py\/index.php\/wp-json\/wp\/v2\/users\/1"}],"replies":[{"embeddable":true,"href":"https:\/\/sanignacioguazu.gov.py\/index.php\/wp-json\/wp\/v2\/comments?post=104"}],"version-history":[{"count":10,"href":"https:\/\/sanignacioguazu.gov.py\/index.php\/wp-json\/wp\/v2\/pages\/104\/revisions"}],"predecessor-version":[{"id":1461,"href":"https:\/\/sanignacioguazu.gov.py\/index.php\/wp-json\/wp\/v2\/pages\/104\/revisions\/1461"}],"wp:attachment":[{"href":"https:\/\/sanignacioguazu.gov.py\/index.php\/wp-json\/wp\/v2\/media?parent=104"}],"curies":[{"name":"wp","href":"https:\/\/api.w.org\/{rel}","templated":true}]}}